{"id":6932,"date":"2025-02-20T07:55:18","date_gmt":"2025-02-20T06:55:18","guid":{"rendered":"https:\/\/bazartdelala.ch\/?post_type=product&#038;p=6932"},"modified":"2025-03-20T13:23:31","modified_gmt":"2025-03-20T12:23:31","slug":"kimono-lala-yasmine","status":"publish","type":"product","link":"https:\/\/bazartdelala.ch\/?product=kimono-lala-yasmine","title":{"rendered":"Kimono Lala Yasmine"},"content":{"rendered":"<p class=\"Textbody\">Kimono en tweed blanc, fait main par un maalem, alliant \u00e9l\u00e9gance et modernit\u00e9. Sa coupe raffin\u00e9e et ses finitions minutieuses en font une pi\u00e8ce unique. Polyvalent, il se porte aussi bien en tenue habill\u00e9e qu\u2019en look casual\u00a0sophistiqu\u00e9.<\/p>\n<p class=\"Textbody\">\n","protected":false},"excerpt":{"rendered":"<p class=\"Textbody\">Kimono en tweed blanc, fait main par un maalem, alliant \u00e9l\u00e9gance et modernit\u00e9. Sa coupe raffin\u00e9e et ses finitions minutieuses en font une pi\u00e8ce unique. Polyvalent, il se porte aussi bien en tenue habill\u00e9e qu\u2019en look casual\u00a0sophistiqu\u00e9.<\/p>\n","protected":false},"featured_media":7000,"comment_status":"open","ping_status":"closed","template":"","meta":[],"product_cat":[42],"product_tag":[],"class_list":{"0":"post-6932","1":"product","2":"type-product","3":"status-publish","4":"has-post-thumbnail","6":"product_cat-kimonos","8":"first","9":"instock","10":"taxable","11":"shipping-taxable","12":"purchasable","13":"product-type-variable"},"_links":{"self":[{"href":"https:\/\/bazartdelala.ch\/index.php?rest_route=\/wp\/v2\/product\/6932","targetHints":{"allow":["GET"]}}],"collection":[{"href":"https:\/\/bazartdelala.ch\/index.php?rest_route=\/wp\/v2\/product"}],"about":[{"href":"https:\/\/bazartdelala.ch\/index.php?rest_route=\/wp\/v2\/types\/product"}],"replies":[{"embeddable":true,"href":"https:\/\/bazartdelala.ch\/index.php?rest_route=%2Fwp%2Fv2%2Fcomments&post=6932"}],"wp:featuredmedia":[{"embeddable":true,"href":"https:\/\/bazartdelala.ch\/index.php?rest_route=\/wp\/v2\/media\/7000"}],"wp:attachment":[{"href":"https:\/\/bazartdelala.ch\/index.php?rest_route=%2Fwp%2Fv2%2Fmedia&parent=6932"}],"wp:term":[{"taxonomy":"product_cat","embeddable":true,"href":"https:\/\/bazartdelala.ch\/index.php?rest_route=%2Fwp%2Fv2%2Fproduct_cat&post=6932"},{"taxonomy":"product_tag","embeddable":true,"href":"https:\/\/bazartdelala.ch\/index.php?rest_route=%2Fwp%2Fv2%2Fproduct_tag&post=6932"}],"curies":[{"name":"wp","href":"https:\/\/api.w.org\/{rel}","templated":true}]}}